{"id":721,"date":"2022-09-14T18:57:25","date_gmt":"2022-09-14T18:57:25","guid":{"rendered":"https:\/\/sensei.uy\/marcas\/?page_id=721"},"modified":"2022-09-14T18:57:25","modified_gmt":"2022-09-14T18:57:25","slug":"28-penal-de-punta-de-rieles","status":"publish","type":"page","link":"https:\/\/www.memoria.org.uy\/marcas\/28-penal-de-punta-de-rieles\/","title":{"rendered":"28. Penal de Punta de Rieles."},"content":{"rendered":"\n<div class=\"wp-block-media-text alignwide is-stacked-on-mobile has-background\" style=\"background-color:#f2eff5;grid-template-columns:52% auto\"><figure class=\"wp-block-media-text__media\"><img loading=\"lazy\" decoding=\"async\" width=\"540\" height=\"503\" src=\"https:\/\/www.memoria.org.uy\/marcas\/wp-content\/uploads\/2022\/09\/marca_28_g.jpg\" alt=\"\" class=\"wp-image-655 size-full\" srcset=\"https:\/\/www.memoria.org.uy\/marcas\/wp-content\/uploads\/2022\/09\/marca_28_g.jpg 540w, https:\/\/www.memoria.org.uy\/marcas\/wp-content\/uploads\/2022\/09\/marca_28_g-300x279.jpg 300w\" sizes=\"auto, (max-width: 540px) 100vw, 540px\" \/><\/figure><div class=\"wp-block-media-text__content\">\n<p>Establecimiento militar de reclusi\u00f3n n\u00famero 2(EMR N\u00b02) penal de punta de rieles: \u201cEl Penal de Punta de Rieles funcion\u00f3 como c\u00e1rcel para presos pol\u00edticos entre los a\u00f1os 1972 y 1985. A partir de 1973 se transform\u00f3 en la principal c\u00e1rcel de presas pol\u00edticas recluyendo a m\u00e1s de 600 mujeres.<\/p>\n<\/div><\/div>\n\n\n\n<hr class=\"wp-block-separator has-text-color has-black-color has-css-opacity has-black-background-color has-background is-style-wide advgb-dyn-e75d8f65\"\/>\n\n\n\n<h2 class=\"wp-block-heading\" id=\"medios-e1ccef96-a234-4cba-9715-9a830e8bfffb\">INAUGURACI\u00d3N<\/h2>\n\n\n\n<hr class=\"wp-block-separator has-text-color has-black-color has-css-opacity has-black-background-color has-background is-style-wide advgb-dyn-e75d8f65\"\/>\n\n\n\n<h2 class=\"wp-block-heading\" id=\"medios-e1ccef96-a234-4cba-9715-9a830e8bfffb\">MEDIOS<\/h2>\n\n\n\n<p>Enlaces a publicaciones en medios audiovisuales<\/p>\n\n\n\n<p><\/p>\n\n\n\n<hr class=\"wp-block-separator has-text-color has-black-color has-css-opacity has-black-background-color has-background is-style-wide advgb-dyn-e75d8f65\"\/>\n\n\n\n<h2 class=\"wp-block-heading\" id=\"entrevistas-7549a4a6-50f3-4b88-af42-e4d8e11388d6\">ENTREVISTAS<\/h2>\n\n\n\n<p> Enlaces a entrevistas.<\/p>\n\n\n\n<hr class=\"wp-block-separator has-text-color has-black-color has-css-opacity has-black-background-color has-background is-style-wide advgb-dyn-e75d8f65\"\/>\n\n\n\n<h2 class=\"wp-block-heading\" id=\"prensa-bf0866e5-1545-462a-9a84-a1e9588f73ca\">PRENSA<\/h2>\n\n\n\n<p>Enlaces a publicaciones de prensa.<\/p>\n\n\n\n<hr class=\"wp-block-separator has-text-color has-black-color has-css-opacity has-black-background-color has-background is-style-wide advgb-dyn-e75d8f65\"\/>\n\n\n\n<h2 class=\"wp-block-heading\" id=\"publicaciones-5efd2e9a-bf03-44de-923a-b660fe1d8d82\">PUBLICACIONES<\/h2>\n\n\n\n<p>Enlace a publicaciones impresas, en pdf o formato de distribuci\u00f3n de otro tipo.<\/p>\n\n\n\n<hr class=\"wp-block-separator has-text-color has-black-color has-css-opacity has-black-background-color has-background is-style-wide advgb-dyn-e75d8f65\"\/>\n\n\n\n<h2 class=\"wp-block-heading\" id=\"enlaces-71ce6fa2-cd0f-4666-8ec7-a33141cd936d\">ENLACES<\/h2>\n\n\n\n<p> Enlaces a publicaciones en sitios web.<\/p>\n\n\n\n<p><\/p>\n","protected":false},"excerpt":{"rendered":"<p>Establecimiento militar de reclusi\u00f3n n\u00famero 2(EMR N\u00b02) penal de punta de rieles: \u201cEl Penal de Punta de Rieles funcion\u00f3 como c\u00e1rcel para presos pol\u00edticos entre los a\u00f1os 1972 y 1985. A partir de 1973 se transform\u00f3 en la principal c\u00e1rcel de presas pol\u00edticas recluyendo a m\u00e1s de 600 mujeres. INAUGURACI\u00d3N MEDIOS Enlaces a publicaciones en &#8230; <a title=\"28. Penal de Punta de Rieles.\" class=\"read-more\" href=\"https:\/\/www.memoria.org.uy\/marcas\/28-penal-de-punta-de-rieles\/\" aria-label=\"Leer m\u00e1s sobre 28. Penal de Punta de Rieles.\">Leer m\u00e1s<\/a><\/p>\n","protected":false},"author":2,"featured_media":0,"parent":0,"menu_order":0,"comment_status":"closed","ping_status":"closed","template":"","meta":{"advgb_blocks_editor_width":"","advgb_blocks_columns_visual_guide":"","footnotes":""},"class_list":["post-721","page","type-page","status-publish"],"coauthors":[],"author_meta":{"author_link":"https:\/\/www.memoria.org.uy\/marcas\/author\/sensei\/","display_name":"sensei"},"relative_dates":{"created":"Publicado 4 a\u00f1os hace","modified":"Actualizado 4 a\u00f1os hace"},"absolute_dates":{"created":"Publicado el septiembre 14, 2022","modified":"Actualizado el septiembre 14, 2022"},"absolute_dates_time":{"created":"Publicado el septiembre 14, 2022 6:57 pm","modified":"Actualizado el septiembre 14, 2022 6:57 pm"},"featured_img_caption":"","featured_img":false,"series_order":"","_links":{"self":[{"href":"https:\/\/www.memoria.org.uy\/marcas\/wp-json\/wp\/v2\/pages\/721","targetHints":{"allow":["GET"]}}],"collection":[{"href":"https:\/\/www.memoria.org.uy\/marcas\/wp-json\/wp\/v2\/pages"}],"about":[{"href":"https:\/\/www.memoria.org.uy\/marcas\/wp-json\/wp\/v2\/types\/page"}],"author":[{"embeddable":true,"href":"https:\/\/www.memoria.org.uy\/marcas\/wp-json\/wp\/v2\/users\/2"}],"replies":[{"embeddable":true,"href":"https:\/\/www.memoria.org.uy\/marcas\/wp-json\/wp\/v2\/comments?post=721"}],"version-history":[{"count":0,"href":"https:\/\/www.memoria.org.uy\/marcas\/wp-json\/wp\/v2\/pages\/721\/revisions"}],"wp:attachment":[{"href":"https:\/\/www.memoria.org.uy\/marcas\/wp-json\/wp\/v2\/media?parent=721"}],"curies":[{"name":"wp","href":"https:\/\/api.w.org\/{rel}","templated":true}]}}

<div class="wp-block-media-text alignwide is-stacked-on-mobile has-background" style="background-color:#f2eff5;grid-template-columns:52% auto"><figure class="wp-block-media-text__media"><img loading="lazy" decoding="async" width="540" height="503" src="https://www.memoria.org.uy/marcas/wp-content/uploads/2022/09/marca_28_g.jpg" alt="" class="wp-image-655 size-full" srcset="https://www.memoria.org.uy/marcas/wp-content/uploads/2022/09/marca_28_g.jpg 540w, https://www.memoria.org.uy/marcas/wp-content/uploads/2022/09/marca_28_g-300x279.jpg 300w" sizes="auto, (max-width: 540px) 100vw, 540px" /></figure><div class="wp-block-media-text__content">
<p>Establecimiento militar de reclusión número 2(EMR N°2) penal de punta de rieles: “El Penal de Punta de Rieles funcionó como cárcel para presos políticos entre los años 1972 y 1985. A partir de 1973 se transformó en la principal cárcel de presas políticas recluyendo a más de 600 mujeres.</p>
</div></div>



<hr class="wp-block-separator has-text-color has-black-color has-css-opacity has-black-background-color has-background is-style-wide advgb-dyn-e75d8f65"/>



<h2 class="wp-block-heading" id="medios-e1ccef96-a234-4cba-9715-9a830e8bfffb">INAUGURACIÓN</h2>



<hr class="wp-block-separator has-text-color has-black-color has-css-opacity has-black-background-color has-background is-style-wide advgb-dyn-e75d8f65"/>



<h2 class="wp-block-heading" id="medios-e1ccef96-a234-4cba-9715-9a830e8bfffb">MEDIOS</h2>



<p>Enlaces a publicaciones en medios audiovisuales</p>



<p></p>



<hr class="wp-block-separator has-text-color has-black-color has-css-opacity has-black-background-color has-background is-style-wide advgb-dyn-e75d8f65"/>



<h2 class="wp-block-heading" id="entrevistas-7549a4a6-50f3-4b88-af42-e4d8e11388d6">ENTREVISTAS</h2>



<p> Enlaces a entrevistas.</p>



<hr class="wp-block-separator has-text-color has-black-color has-css-opacity has-black-background-color has-background is-style-wide advgb-dyn-e75d8f65"/>



<h2 class="wp-block-heading" id="prensa-bf0866e5-1545-462a-9a84-a1e9588f73ca">PRENSA</h2>



<p>Enlaces a publicaciones de prensa.</p>



<hr class="wp-block-separator has-text-color has-black-color has-css-opacity has-black-background-color has-background is-style-wide advgb-dyn-e75d8f65"/>



<h2 class="wp-block-heading" id="publicaciones-5efd2e9a-bf03-44de-923a-b660fe1d8d82">PUBLICACIONES</h2>



<p>Enlace a publicaciones impresas, en pdf o formato de distribución de otro tipo.</p>



<hr class="wp-block-separator has-text-color has-black-color has-css-opacity has-black-background-color has-background is-style-wide advgb-dyn-e75d8f65"/>



<h2 class="wp-block-heading" id="enlaces-71ce6fa2-cd0f-4666-8ec7-a33141cd936d">ENLACES</h2>



<p> Enlaces a publicaciones en sitios web.</p>



<p></p>

<p>Establecimiento militar de reclusión número 2(EMR N°2) penal de punta de rieles: “El Penal de Punta de Rieles funcionó como cárcel para presos políticos entre los años 1972 y 1985. A partir de 1973 se transformó en la principal cárcel de presas políticas recluyendo a más de 600 mujeres. INAUGURACIÓN MEDIOS Enlaces a publicaciones en &#8230; <a title="28. Penal de Punta de Rieles." class="read-more" href="https://www.memoria.org.uy/marcas/28-penal-de-punta-de-rieles/" aria-label="Leer más sobre 28. Penal de Punta de Rieles.">Leer más</a></p>

Publicado 4 años hace

Actualizado 4 años hace
