{"id":254,"date":"2021-07-21T15:53:44","date_gmt":"2021-07-21T15:53:44","guid":{"rendered":"https:\/\/sensei.uy\/marcas\/?page_id=254"},"modified":"2021-07-21T15:53:44","modified_gmt":"2021-07-21T15:53:44","slug":"7-callejon-de-la-universidad","status":"publish","type":"page","link":"https:\/\/www.memoria.org.uy\/marcas\/7-callejon-de-la-universidad\/","title":{"rendered":"7. Callej\u00f3n de la Universidad."},"content":{"rendered":"\n<div class=\"wp-block-media-text alignwide is-stacked-on-mobile has-background\" style=\"background-color:#f2eff5\"><figure class=\"wp-block-media-text__media\"><img loading=\"lazy\" decoding=\"async\" width=\"540\" height=\"503\" src=\"https:\/\/www.memoria.org.uy\/marcas\/wp-content\/uploads\/2021\/07\/marca_07_g.jpg\" alt=\"\" class=\"wp-image-255 size-full\" srcset=\"https:\/\/www.memoria.org.uy\/marcas\/wp-content\/uploads\/2021\/07\/marca_07_g.jpg 540w, https:\/\/www.memoria.org.uy\/marcas\/wp-content\/uploads\/2021\/07\/marca_07_g-300x279.jpg 300w\" sizes=\"auto, (max-width: 540px) 100vw, 540px\" \/><\/figure><div class=\"wp-block-media-text__content\">\n<p class=\"has-normal-font-size\">En este callej\u00f3n entre la Universidad de la Rep\u00fablica y la Biblioteca Nacional cada 14 de agosto durante los a\u00f1os de la dictadura se depositaban claveles rojos en homenaje a los \u00abM\u00e1rtires Estudiantiles\u00bb.<\/p>\n<\/div><\/div>\n","protected":false},"excerpt":{"rendered":"<p>En este callej\u00f3n entre la Universidad de la Rep\u00fablica y la Biblioteca Nacional cada 14 de agosto durante los a\u00f1os de la dictadura se depositaban claveles rojos en homenaje a los \u00abM\u00e1rtires Estudiantiles\u00bb.<\/p>\n","protected":false},"author":2,"featured_media":0,"parent":0,"menu_order":0,"comment_status":"closed","ping_status":"closed","template":"","meta":{"advgb_blocks_editor_width":"","advgb_blocks_columns_visual_guide":"","footnotes":""},"class_list":["post-254","page","type-page","status-publish"],"coauthors":[],"author_meta":{"author_link":"https:\/\/www.memoria.org.uy\/marcas\/author\/sensei\/","display_name":"sensei"},"relative_dates":{"created":"Publicado 5 a\u00f1os hace","modified":"Actualizado 5 a\u00f1os hace"},"absolute_dates":{"created":"Publicado el julio 21, 2021","modified":"Actualizado el julio 21, 2021"},"absolute_dates_time":{"created":"Publicado el julio 21, 2021 3:53 pm","modified":"Actualizado el julio 21, 2021 3:53 pm"},"featured_img_caption":"","featured_img":false,"series_order":"","_links":{"self":[{"href":"https:\/\/www.memoria.org.uy\/marcas\/wp-json\/wp\/v2\/pages\/254","targetHints":{"allow":["GET"]}}],"collection":[{"href":"https:\/\/www.memoria.org.uy\/marcas\/wp-json\/wp\/v2\/pages"}],"about":[{"href":"https:\/\/www.memoria.org.uy\/marcas\/wp-json\/wp\/v2\/types\/page"}],"author":[{"embeddable":true,"href":"https:\/\/www.memoria.org.uy\/marcas\/wp-json\/wp\/v2\/users\/2"}],"replies":[{"embeddable":true,"href":"https:\/\/www.memoria.org.uy\/marcas\/wp-json\/wp\/v2\/comments?post=254"}],"version-history":[{"count":0,"href":"https:\/\/www.memoria.org.uy\/marcas\/wp-json\/wp\/v2\/pages\/254\/revisions"}],"wp:attachment":[{"href":"https:\/\/www.memoria.org.uy\/marcas\/wp-json\/wp\/v2\/media?parent=254"}],"curies":[{"name":"wp","href":"https:\/\/api.w.org\/{rel}","templated":true}]}}

7. Callejón de la Universidad.

<div class="wp-block-media-text alignwide is-stacked-on-mobile has-background" style="background-color:#f2eff5"><figure class="wp-block-media-text__media"><img loading="lazy" decoding="async" width="540" height="503" src="https://www.memoria.org.uy/marcas/wp-content/uploads/2021/07/marca_07_g.jpg" alt="" class="wp-image-255 size-full" srcset="https://www.memoria.org.uy/marcas/wp-content/uploads/2021/07/marca_07_g.jpg 540w, https://www.memoria.org.uy/marcas/wp-content/uploads/2021/07/marca_07_g-300x279.jpg 300w" sizes="auto, (max-width: 540px) 100vw, 540px" /></figure><div class="wp-block-media-text__content">
<p class="has-normal-font-size">En este callejón entre la Universidad de la República y la Biblioteca Nacional cada 14 de agosto durante los años de la dictadura se depositaban claveles rojos en homenaje a los «Mártires Estudiantiles».</p>
</div></div>

<p>En este callejón entre la Universidad de la República y la Biblioteca Nacional cada 14 de agosto durante los años de la dictadura se depositaban claveles rojos en homenaje a los «Mártires Estudiantiles».</p>

Publicado 5 años hace

Actualizado 5 años hace
