{"id":153,"date":"2021-07-06T22:32:28","date_gmt":"2021-07-06T22:32:28","guid":{"rendered":"https:\/\/sensei.uy\/marcas\/?page_id=153"},"modified":"2021-07-06T22:32:28","modified_gmt":"2021-07-06T22:32:28","slug":"portada","status":"publish","type":"page","link":"https:\/\/www.memoria.org.uy\/marcas\/","title":{"rendered":"Portada"},"content":{"rendered":"\n<div class=\"wp-block-advgb-columns advgb-columns-wrapper\" id=\"advgb-cols-096a4741-7f00-4d66-ad61-5256be87ca19\"><div class=\"advgb-columns-container\"><div class=\"advgb-columns advgb-columns-row advgb-is-mobile advgb-columns-2 layout-12-12 mbl-layout-stacked vgutter-10\">\n<div class=\"wp-block-advgb-column advgb-column advgb-is-half-tablet advgb-is-full-mobile\" id=\"advgb-col-4c7201f7-2930-4003-b154-6320d374cf8c\"><div class=\"advgb-column-inner\" style=\"border-style:none;border-width:1px\">\n<h4 class=\"wp-block-heading\"> \u00bfQu\u00e9 son las Marcas de la Memoria de la Resistencia?  <\/h4>\n\n\n\n<p>\u00abApelamos a una memoria colectiva que se despliega en un marco social y que es capaz de recordar en tanto se resit\u00faa en ese marco. Todo esto, creemos, permiti\u00f3 el enriquecimiento pol\u00edtico del proyecto y el apoyo un\u00e1nime del gobierno departamental.<br>Y si nombrar el pasado es darle una interpretaci\u00f3n, hemos librado una batalla por la memoria. Lo hemos hecho en el espacio p\u00fablico de la ciudad, aquello que nos fue prohibido por formar parte de nuestro acervo cultural y pol\u00edtico. \u00ab<\/p>\n\n\n\n<p>Carlos Rehermann conversa con el Arq. Ernesto Sp\u00f3sito, de la Unidad de Patrimonio de la Intendencia de Montevideo y Antonia Ya\u00f1ez, Memoria de la Resistencia sobre los espacios p\u00fablicos de la ciudad. Programa emitido el mi\u00e9rcoles 22 de abril de 2015.<\/p>\n<\/div><\/div>\n\n\n\n<div class=\"wp-block-advgb-column advgb-column advgb-is-half-tablet advgb-is-full-mobile\" id=\"advgb-col-b0bbbf54-6179-450f-8aa8-fb0d9e38d379\"><div class=\"advgb-column-inner\" style=\"border-style:none;border-width:1px\">\n<figure class=\"wp-block-embed is-type-video is-provider-youtube wp-block-embed-youtube wp-embed-aspect-16-9 wp-has-aspect-ratio\"><div class=\"wp-block-embed__wrapper\">\n<iframe loading=\"lazy\" title=\"\u00bfQu\u00e9 son las Marcas de la Memoria de la Resistencia?\" width=\"1200\" height=\"675\" src=\"https:\/\/www.youtube.com\/embed\/x2yYNaoPvCw?feature=oembed\" frameborder=\"0\" allow=\"accelerometer; autoplay; clipboard-write; encrypted-media; gyroscope; picture-in-picture\" allowfullscreen><\/iframe>\n<\/div><\/figure>\n<\/div><\/div>\n<\/div><\/div><\/div>\n\n\n\n<hr class=\"wp-block-separator has-text-color has-background has-black-background-color has-black-color is-style-wide\"\/>\n\n\n\n<h1 class=\"wp-block-heading\">MARCAS COMO ABRAZOS<\/h1>\n\n\n\n<p>Art\u00edculo de Antonia Y\u00e1\u00f1ez en la revista \u00abNo te olvides\u00bb, Nro. X, 2012.<\/p>\n\n\n\n<p>En agosto de 2006&nbsp; se realiz\u00f3 en la Facultad de Arquitectura de la Universidad de la Rep\u00fablica la presentaci\u00f3n del proyecto \u201cLugares de la Resistencia\u201d, ante el pedido realizado por&nbsp; la Asociaci\u00f3n Memoria de la Resistencia 1973-1985. La tarea hab\u00eda sido asignada al Instituto de Dise\u00f1o y desarrollada por el programa de Dise\u00f1o de Comunicaci\u00f3n Visual.<\/p>\n\n\n\n<div class=\"wp-block-image\"><figure class=\"alignleft size-large is-resized\"><img loading=\"lazy\" decoding=\"async\" src=\"https:\/\/www.memoria.org.uy\/marcas\/wp-content\/uploads\/2021\/07\/072agon_fullscreen-1.jpg\" alt=\"\" class=\"wp-image-193\" width=\"406\" height=\"270\" srcset=\"https:\/\/www.memoria.org.uy\/marcas\/wp-content\/uploads\/2021\/07\/072agon_fullscreen-1.jpg 800w, https:\/\/www.memoria.org.uy\/marcas\/wp-content\/uploads\/2021\/07\/072agon_fullscreen-1-300x200.jpg 300w, https:\/\/www.memoria.org.uy\/marcas\/wp-content\/uploads\/2021\/07\/072agon_fullscreen-1-768x511.jpg 768w\" sizes=\"auto, (max-width: 406px) 100vw, 406px\" \/><figcaption>Manifestaci\u00f3n de 9 de julio de 1973.<\/figcaption><\/figure><\/div>\n\n\n\n<p>No fue poco el tiempo ni los acontecimientos que ocurrieron desde la presentaci\u00f3n hasta este 24 de junio de 2010, d\u00eda en que la Junta Departamental de Montevideo aprob\u00f3 el proyecto. La resoluci\u00f3n, votada en forma un\u00e1nime por todas las fuerzas pol\u00edticas all\u00ed representadas decici\u00f3 \u201cla instalaci\u00f3n en la ciudad de marcas urbanas como conjunto de lugares simb\u00f3licos de la resistencia a la dictadura c\u00edvico-militar, del pueblo uruguayo\u201d,<\/p>\n\n\n\n<p>Dicha instalaci\u00f3n se realizar\u00e1 mediante un convenio elaborado entre la Asociaci\u00f3n, el Ministerio de Transporte y Obras P\u00fablicas, la Intendencia de Montevideo y el PIT-CNT.<\/p>\n\n\n\n<p>Si se hace memoria y se ordenan los acontecimientos transcurridos entre estas fechas, particularmente los vinculados a la recuperaci\u00f3n de la historia reciente, podr\u00eda explicarse la raz\u00f3n del tiempo transcurrido.<\/p>\n\n\n\n<div class=\"wp-block-image\"><figure class=\"alignright size-large\"><img loading=\"lazy\" decoding=\"async\" width=\"298\" height=\"535\" src=\"https:\/\/www.memoria.org.uy\/marcas\/wp-content\/uploads\/2021\/07\/101865_298.jpg\" alt=\"\" class=\"wp-image-194\" srcset=\"https:\/\/www.memoria.org.uy\/marcas\/wp-content\/uploads\/2021\/07\/101865_298.jpg 298w, https:\/\/www.memoria.org.uy\/marcas\/wp-content\/uploads\/2021\/07\/101865_298-167x300.jpg 167w\" sizes=\"auto, (max-width: 298px) 100vw, 298px\" \/><figcaption>1983. Marcha de los Estudiantes. ASCEEP.<\/figcaption><\/figure><\/div>\n\n\n\n<p>Interpelamos a la sociedad por la presencia consecuente de los familiares de desaparecidos pero tambi\u00e9n al incorporar el valor del papel jugado por el pueblo en la resistencia a la dictadura. Este ejercicio de an\u00e1lisis realizado por la Asociaci\u00f3n Memoria de la Resistencia, sumado a su persistencia, permiti\u00f3 ratificar una consideraci\u00f3n inicial: la dictadura c\u00edvico-militar que padeci\u00f3 el pa\u00eds afect\u00f3 a todos los uruguayos. En consecuencia, multiplicidad de actores participaron en la resistencia a la dictadura, interviniendo en diversos planos de la sociedad y en distintas formas, fragmentarias, individuales u organizadas. Poner de relieve esta participaci\u00f3n, no como mero discurso sino como se\u00f1as de identidad permitir\u00e1 apreciar el hilo conductor que existe,por ejemplo, entre la movilizaci\u00f3n popular del 9 de julio de 1973 en la plaza del Entrevero, durante la Huelga General y el multitudinario acto del 27 de noviembre de 1983 en el Obelisco.<\/p>\n\n\n\n<p>De todo esto tiene que dar cuenta la ciudad. La memoria requiere de un lugar desde donde acontecer y desde donde reconstruir. Para hacerlo en estos a\u00f1os, debios recrear infinitos gestos, miradas y sucesos \u2013muchas veces encontrados en su valoraci\u00f3n- pero siempre en el entendido de que la vida de cada uno de nosotros est\u00e1 afectado por una serie de \u201cmarcas-lugares-s\u00edmbolos\u201d. Ellos conforman nuestra memoria, marcan y nos marcan, entrelazando los planos de lo p\u00fablico y lo privado, lo individual y lo colectivo, el pasado y el presente.<\/p>\n\n\n\n<p>Apelamos a una memoria colectiva que se despliega en un marco social y que es capaz de recordar en tanto se resit\u00faa en ese marco. Todo esto, creemos, permiti\u00f3 el enriquecimiento pol\u00edtico del proyecto y el apoyo un\u00e1nime del gobierno departamental.<br>Y si nombrar el pasado es darle una interpretaci\u00f3n, hemos librado una batalla por la memoria. Lo hemos hecho en el espacio p\u00fablico de la ciudad, aquello que nos fue prohibido por formar parte de nuestro acervo cultural y pol\u00edtico.<br>All\u00ed se instalar\u00e1n las marcas-lugar que generen un espacio para el encuentro. Ser\u00e1n un lugar-s\u00edmbolo para detenerse, para estar, para dar lugar a la memoria. Ser\u00e1n tambi\u00e9n un lugar-dato que identifica el sitio de la resistencia actuando como dato-fragmento que en forma sistem\u00e1tica compone el todo y nos dignifica.<\/p>\n\n\n\n<p>Las marcas urbanas \u00bfVuelven presente las ausencias? \u00bfSe\u00f1alan, denuncian, recuerdan?&nbsp; \u00bfQu\u00e9 sentimiento no hemos compartido a\u00fan recordando la sede de un sindicato, con dirigentes presos, trabajando en la clandestinidad, convertido en una comisar\u00eda? Y cu\u00e1l es el relato de la emoci\u00f3n contenida ante una sala teatral vulnerada, ajena, cuando todav\u00eda sent\u00edamos los ecos explosivos: \u00a1Cuidado comendador, cuidado comendador!<\/p>\n\n\n\n<p>La construcci\u00f3n que nos planteamos no resulta de una sola intervenci\u00f3n, se sumar\u00e1 a distintas expresiones ya existentes y a otras, que nuevas generaciones volver\u00e1n significativas a&nbsp; trav\u00e9s de su propio di\u00e1logo con el pasado.<\/p>\n\n\n\n<p>Las marcas urbanas de este proyecto se convirtieron en monumento por disposici\u00f3n del \u00f3rgano legislativo departamental, en consecuencia se necesitaba para su aprobaci\u00f3n una mayor\u00eda especial de voluntades pol\u00edticas y culmin\u00f3 vot\u00e1ndose por unanimidad. Seguramente hemos comprendido su verdadera monumentalidad, la que encierran miles de actitudes y acciones humanas en la conquista de la libertad.<br><\/p>\n\n\n\n<hr class=\"wp-block-separator has-text-color has-background has-black-background-color has-black-color is-style-wide\"\/>\n\n\n\n<h2 class=\"wp-block-heading\">ENTREVISTAS<\/h2>\n\n\n\n<p>Entevistas realizadas sobre el proyecto.<\/p>\n\n\n\n<p><a rel=\"noreferrer noopener\" href=\"https:\/\/www.lr21.com.uy\/politica\/274493-montevideo-recupera-la-memoria-elaboraran-un-recorrido-y-17-marcas-de-la-resistencia\" data-type=\"URL\" data-id=\"https:\/\/www.lr21.com.uy\/politica\/274493-montevideo-recupera-la-memoria-elaboraran-un-recorrido-y-17-marcas-de-la-resistencia\" target=\"_blank\"><\/a><a rel=\"noreferrer noopener\" href=\"https:\/\/www.lr21.com.uy\/politica\/274493-montevideo-recupera-la-memoria-elaboraran-un-recorrido-y-17-marcas-de-la-resistencia\" target=\"_blank\">Montevideo recupera la memoria: elaborar\u00e1n un recorrido y 17 \u00abMarcas de la Resistencia\u00bb.<\/a> Comienzos del proyecto. Red21. 12 de septiembre de 2007, 06:48hs.<\/p>\n\n\n\n<hr class=\"wp-block-separator has-text-color has-background has-black-background-color has-black-color is-style-wide\"\/>\n\n\n\n<h2 class=\"wp-block-heading\">PRENSA<\/h2>\n\n\n\n<p><strong><a rel=\"noreferrer noopener\" href=\"https:\/\/www.uypress.net\/Secciones\/Las-marcas-de-la-memoria-uc41738\" data-type=\"URL\" data-id=\"https:\/\/www.uypress.net\/Secciones\/Las-marcas-de-la-memoria-uc41738\" target=\"_blank\">SE FIRM\u00d3 CONVENIO. Las marcas de la memoria.<\/a><\/strong><br>MONTEVIDEO (Uypress) \u2013 En la tarde del lunes se rubric\u00f3 el acuerdo entre la Intendencia de Montevideo, la Asociaci\u00f3n Civil \u201cMemoria de la resistencia 1973 \u2013 1985\u201d y el PIT CNT a trav\u00e9s del Instituto Cuesta Duarte, para establecer las \u201cmarcas de la memoria\u201d. 24.06.2013<\/p>\n\n\n\n<p><strong><a rel=\"noreferrer noopener\" href=\"https:\/\/www.uypress.net\/Secciones\/Se-pone-en-marcha-el-proyecto-Marcas-de-la-Memoria-uc41694\" data-type=\"URL\" data-id=\"https:\/\/www.uypress.net\/Secciones\/Se-pone-en-marcha-el-proyecto-Marcas-de-la-Memoria-uc41694\" target=\"_blank\">URBANISMO MEMORIOSO. Se pone en marcha el proyecto Marcas de la Memoria.<\/a><\/strong><br>MONTEVIDEO (Uypress) \u2013 Este lunes 24, en el marco de las actividades por los 40 a\u00f1os del Golpe c\u00edvico-militar uruguayo, la Intendencia de Montevideo (IM) firma un convenio con el Instituto Cuesta Duarte del PIT-CNT para comenzar a realizar marcas en toda la ciudad que indiquen lugares de la resistencia popular a la dictadura. 23.06.2013<\/p>\n\n\n\n<p><strong><a rel=\"noreferrer noopener\" href=\"https:\/\/www.laondadigital.uy\/archivos\/2318\" target=\"_blank\">Acerca de las marcas de la memoria<\/a>.  <br>Por Walter Martinez<\/strong> Columnista uruguayo <strong>La ONDA digital N\u00ba 682<\/strong>.<\/p>\n\n\n\n<hr class=\"wp-block-separator has-text-color has-background has-black-background-color has-black-color is-style-wide\"\/>\n\n\n\n<h2 class=\"wp-block-heading\">PUBLICACIONES<\/h2>\n\n\n\n<p>Publicaciones en papel, formato PDF o libro electr\u00f3nico.<\/p>\n\n\n\n<hr class=\"wp-block-separator has-text-color has-background has-black-background-color has-black-color is-style-wide\"\/>\n\n\n\n<h2 class=\"wp-block-heading\">ENLACES<\/h2>\n\n\n\n<p><a rel=\"noreferrer noopener\" href=\"https:\/\/amigosmume.org\/uy\/marcas-de-la-memoria-en-uruguay\/\" data-type=\"URL\" data-id=\"https:\/\/amigosmume.org\/uy\/marcas-de-la-memoria-en-uruguay\/\" target=\"_blank\">Marcas de la Memoria en Uruguay. <\/a> Sitio web de AMIGAS y AMIGOS del MuMe. <small>Museo de la Memoria<\/small>. 2016.<\/p>\n\n\n\n<p><a rel=\"noreferrer noopener\" href=\"https:\/\/es.wikipedia.org\/wiki\/Marcas_de_la_memoria\" data-type=\"URL\" data-id=\"https:\/\/es.wikipedia.org\/wiki\/Marcas_de_la_memoria\" target=\"_blank\">Marcas de la memoria. Wikipedia.<\/a><\/p>\n<style class=\"advgb-styles-renderer\">#advgb-col-4c7201f7-2930-4003-b154-6320d374cf8c>.advgb-column-inner{}@media screen and (max-width: 1023px) {#advgb-col-4c7201f7-2930-4003-b154-6320d374cf8c>.advgb-column-inner{}}@media screen and (max-width: 767px) {#advgb-col-4c7201f7-2930-4003-b154-6320d374cf8c>.advgb-column-inner{}}#advgb-col-b0bbbf54-6179-450f-8aa8-fb0d9e38d379>.advgb-column-inner{}@media screen and (max-width: 1023px) {#advgb-col-b0bbbf54-6179-450f-8aa8-fb0d9e38d379>.advgb-column-inner{}}@media screen and (max-width: 767px) {#advgb-col-b0bbbf54-6179-450f-8aa8-fb0d9e38d379>.advgb-column-inner{}}#advgb-cols-096a4741-7f00-4d66-ad61-5256be87ca19{}@media screen and (max-width: 1023px) {#advgb-cols-096a4741-7f00-4d66-ad61-5256be87ca19{}}@media screen and (max-width: 767px) {#advgb-cols-096a4741-7f00-4d66-ad61-5256be87ca19{}}#advgb-col-4c7201f7-2930-4003-b154-6320d374cf8c>.advgb-column-inner{}@media screen and (max-width: 1023px) {#advgb-col-4c7201f7-2930-4003-b154-6320d374cf8c>.advgb-column-inner{}}@media screen and (max-width: 767px) {#advgb-col-4c7201f7-2930-4003-b154-6320d374cf8c>.advgb-column-inner{}}#advgb-col-b0bbbf54-6179-450f-8aa8-fb0d9e38d379>.advgb-column-inner{}@media screen and (max-width: 1023px) {#advgb-col-b0bbbf54-6179-450f-8aa8-fb0d9e38d379>.advgb-column-inner{}}@media screen and (max-width: 767px) {#advgb-col-b0bbbf54-6179-450f-8aa8-fb0d9e38d379>.advgb-column-inner{}}<\/style>","protected":false},"excerpt":{"rendered":"<p>MARCAS COMO ABRAZOS Art\u00edculo de Antonia Y\u00e1\u00f1ez en la revista \u00abNo te olvides\u00bb, Nro. X, 2012. En agosto de 2006&nbsp; se realiz\u00f3 en la Facultad de Arquitectura de la Universidad de la Rep\u00fablica la presentaci\u00f3n del proyecto \u201cLugares de la Resistencia\u201d, ante el pedido realizado por&nbsp; la Asociaci\u00f3n Memoria de la Resistencia 1973-1985. La tarea &#8230; <a title=\"Portada\" class=\"read-more\" href=\"https:\/\/www.memoria.org.uy\/marcas\/\" aria-label=\"Leer m\u00e1s sobre Portada\">Leer m\u00e1s<\/a><\/p>\n","protected":false},"author":2,"featured_media":0,"parent":0,"menu_order":0,"comment_status":"closed","ping_status":"closed","template":"","meta":{"advgb_blocks_editor_width":"","advgb_blocks_columns_visual_guide":"","footnotes":""},"class_list":["post-153","page","type-page","status-publish"],"coauthors":[],"author_meta":{"author_link":"https:\/\/www.memoria.org.uy\/marcas\/author\/sensei\/","display_name":"sensei"},"relative_dates":{"created":"Publicado 5 a\u00f1os hace","modified":"Actualizado 5 a\u00f1os hace"},"absolute_dates":{"created":"Publicado el julio 6, 2021","modified":"Actualizado el julio 6, 2021"},"absolute_dates_time":{"created":"Publicado el julio 6, 2021 10:32 pm","modified":"Actualizado el julio 6, 2021 10:32 pm"},"featured_img_caption":"","featured_img":false,"series_order":"","_links":{"self":[{"href":"https:\/\/www.memoria.org.uy\/marcas\/wp-json\/wp\/v2\/pages\/153","targetHints":{"allow":["GET"]}}],"collection":[{"href":"https:\/\/www.memoria.org.uy\/marcas\/wp-json\/wp\/v2\/pages"}],"about":[{"href":"https:\/\/www.memoria.org.uy\/marcas\/wp-json\/wp\/v2\/types\/page"}],"author":[{"embeddable":true,"href":"https:\/\/www.memoria.org.uy\/marcas\/wp-json\/wp\/v2\/users\/2"}],"replies":[{"embeddable":true,"href":"https:\/\/www.memoria.org.uy\/marcas\/wp-json\/wp\/v2\/comments?post=153"}],"version-history":[{"count":0,"href":"https:\/\/www.memoria.org.uy\/marcas\/wp-json\/wp\/v2\/pages\/153\/revisions"}],"wp:attachment":[{"href":"https:\/\/www.memoria.org.uy\/marcas\/wp-json\/wp\/v2\/media?parent=153"}],"curies":[{"name":"wp","href":"https:\/\/api.w.org\/{rel}","templated":true}]}}